ber?
False
Suppose 0 = -f - 4*y + 39, -42 = -2*f - 5*y + 21. Let h = f - 16. Suppose -c - 4*c = -5*m + 22025, h*c - 12 = 0. Is m composite?
False
Suppose 4*c = -5*y - 508, -92 = y - c + 15. Let w = y - -104. Suppose w = -6*i + 2432 + 6646. Is i prime?
False
Is -23*(-41954)/7 + (-89)/(-623) a composite number?
False
Suppose -r - 16 = -3*u, -3*r + 4*r = -u. Suppose 0 = u*o - 3934 - 14550. Is o a composite number?
False
Let g(p) = -189*p + 70 - 184 + 77 + 107. Is g(-7) a composite number?
True
Let x = -269 + 173. Let h = x + 98. Suppose 0 = 2*w + h*s - 11708, 4*w + 2969 = s + 26390. Is w prime?
False
Is (17/5)/(1/52495) a prime number?
False
Suppose 5*y - 44 = -3*w, -4*w = 2*y + y - 22. Suppose 4*n - y*n = 18. Is 0 + (-4 - (n - 1070)) a composite number?
False
Let u = -474 + 484. Let r(o) = 208*o + 237. Is r(u) prime?
False
Is 3/(9 + -21 + (-14370489)/(-1197539)) a composite number?
False
Suppose 11*j = -10 - 1. Let c(k) = -1882*k**3 + k**2 - 3*k - 3. Is c(j) a composite number?
True
Let m(k) = 111*k**2 - 23*k - 20. Let c(y) = 55*y**2 - 9*y - 9. Let q(g) = 5*c(g) - 2*m(g). Suppose l + 4 - 1 = 0. Is q(l) a prime number?
False
Let w be (20 - 24) + 25*1. Suppose 11*k + w*k = 3488. Is k a prime number?
True
Let f(u) = -3*u**2 + 4*u + 41869. Is f(0) a prime number?
False
Let o(m) = 300*m - 13. Suppose 7 = 3*y - k, -y - 4*k = y - 14. Is o(y) a prime number?
True
Suppose -7 = 6*v + 5. Let j be v/((4/(-10))/((-50687)/(-65))). Let x = 6745 - j. Is x composite?
True
Suppose -4*f = 5*m + 638, 0 = -4*f + 3*m - 0*m - 654. Let a = -13 - f. Is a prime?
True
Is (15/(-45))/(2/24) - -132021 prime?
False
Is (36 + (-2982)/84)/((1/92210)/1) a prime number?
False
Let n(d) = 9*d**2 + 9*d - 19. Suppose -5*z = -8 - 2. Suppose z*j = -j - 15, x + 3*j = -24. Is n(x) composite?
True
Let t = 175086 + -104783. Is t a composite number?
True
Is ((-10)/30*1799223*(5 - 8))/1 composite?
True
Let s(j) be the third derivative of -j**6/120 + 7*j**5/20 - 3*j**4/4 + 17*j**3/6 - j**2. Suppose -10 = 5*b, 0*z + 58 = 4*z + 3*b. Is s(z) a composite number?
False
Suppose 0 = -16*g + 10*g + 30. Suppose -3*d = -2*z + 25, 3*z + 2*d - 33 = g*d. Suppose 0 = z*b - 4010 - 16238. Is b a composite number?
False
Is 2/8 + (-3454017)/(-126) + 1/(-12) a composite number?
True
Let u = -37026 - -10774. Is (1*u/(-12))/(10/30) a composite number?
False
Let a be 6/4 + 6453/18. Let l = -11 - 0. Let y = a - l. Is y composite?
True
Suppose 33*y - 4630064 = y + 3744240. Is y a composite number?
False
Let i = 20896 + -3557. Is i a prime number?
False
Suppose 68*r - 3416353 + 1060221 = 0. Is r composite?
False
Let t(p) be the third derivative of -4/3*p**3 + 0*p - 5/24*p**4 + 0 + 23*p**2 + 6/5*p**5. Is t(-3) a composite number?
True
Let s(w) = -39*w + 813. Let f = -584 + 584. Is s(f) composite?
True
Is ((-17)/((-425)/(-3140950)))/(1*-2) a composite number?
False
Suppose 143 = 5*a - 17. Suppose -2*p = d - 16, 2*p + 0*p - a = -5*d. Suppose 5*v - p*v + 157 = 0. Is v prime?
True
Let u(a) = -79*a**2 - 10*a + 13. Let n(j) = j**2 - j - 1. Let x be n(3). Let o be u(x). Is (-2)/(o/2004 - -1) a composite number?
True
Suppose -31*u = -35*u + 4*h + 32, 2*u + 4 = -3*h. Is ((-573495)/(-15) - -13)*2/u a prime number?
False
Let i = -104 - -55. Let p be (-7)/i + (-244)/(-7). Suppose 4*c - p = 545. Is c a prime number?
False
Let q = -10406 + 55023. Is q prime?
True
Let i(k) = 5002*k**3 - 14*k**2 + 21*k + 9. Is i(2) composite?
True
Let m(h) = -3*h - 13. Let b be m(-7). Suppose 7*a = b*a - 2. Suppose -a*x - 3545 = -4*o - 3*x, 3*o + 3*x - 2652 = 0. Is o a composite number?
False
Suppose -92*d + 14252432 = 2399980. Is d a prime number?
True
Let f be -63*(2 + -4 + -5). Let h = -86 + f. Is h prime?
False
Suppose 7*l - 8 = 13. Suppose -5*a = 5*o - 0*a - 21230, 8489 = 2*o + l*a. Is o a composite number?
True
Suppose 5*m = -3*n + 69, -10 = -n + 5*m + 13. Let w(r) = r**2 + 16*r - 29. Let c be w(-21). Let k = c - n. Is k prime?
True
Suppose 0 = i - 21 + 5. Suppose -317639 = 9*x - i*x. Is x prime?
True
Let y(q) = -15897*q**3 + 3*q**2 + 10*q + 13. Is y(-2) a composite number?
True
Suppose 5*v + b - 25 = 0, 5*v = b + 13 + 2. Suppose v*t - 3 = -11. Is (t/6)/(3/(-22077)) composite?
True
Let y be 2/(-3) + (-33)/(-9) - -1. Let q be -2*(852/(-88) - y/(-22)). Let s(n) = 5*n**2 - 13*n - 23. Is s(q) composite?
True
Suppose 0 = -223*g + 213*g + 2674010. Is g prime?
True
Suppose 10*u - 50 = 40. Suppose -5*m - q + 21 = -2*m, -m + u = q. Is (-1)/(1/(2/(m/(-33)))) a composite number?
False
Suppose -5*x = j - 8, 5*x + 0*x - 11 = -2*j. Suppose 0 = 4*n + 5*i + 13, j*i = -10*n + 5*n. Suppose -n*k + 301 = 4*p, -k + 148 = 2*p + k. Is p prime?
True
Let f be (-1 + 136/40)/(2/9965). Let q = -7147 + f. Is q prime?
False
Let m(a) = a - 12. Let g be m(18). Suppose 0 = 7*x - g*x + 3. Is 523*(8 - (0 - x)) a prime number?
False
Let d(b) = 16*b**2 - 5*b - 17. Let m be d(-7). Let p = m - -721. Is p a prime number?
True
Is ((-483)/23)/(-105) - (460926/(-15))/3 a prime number?
True
Let w = -275667 + 797684. Is w prime?
True
Let o be (96 + 3)*1/3. Let w = o - 29. Suppose -2*i = 5*m - 59 - 34, w*m = -i + 54. Is i a prime number?
False
Let s(t) = -2*t**3 + 9*t**2 + 13*t - 35. Let q be s(5). Let d be (-4)/14 - 32/(-14). Suppose z + 2640 = q*r, -d*r = -5*z + 330 - 1363. Is r a prime number?
False
Let t(y) = 22*y**3 - 84*y**2 + 14*y + 77. Is t(26) prime?
True
Let d(v) = -661*v**2 - 6*v - 12. Let f be d(-17). Is (-8)/6*(2 + f/14) prime?
False
Let g(w) = -4*w + 11. Let d be g(2). Suppose 1620 + 1911 = d*o. Is o composite?
True
Suppose 2*m + 2*y - 515166 = 0, -2*y + 22 = 30. Is m a composite number?
True
Let h(r) = -r**2 + 5*r + 52. Let p be h(10). Suppose p*w + b - 744 - 397 = 0, -3*w = -3*b - 1716. Is w a prime number?
True
Let j be (112/84)/(2/6). Suppose -j*v + 1770 + 6946 = 4*f, 4358 = 2*v - 5*f. Is v prime?
True
Is (23655/(-855))/((-1)/687) a composite number?
True
Suppose -61713*i = -61698*i - 5600085. Is i a prime number?
True
Let j(b) = -b**2 + 7*b - 6. Let i be j(7). Let y(o) = -10*o**2 + 2*o**3 - 4*o**3 - 21 - 8*o**3 + 14 - 12*o. Is y(i) prime?
False
Let w = 41 - 32. Suppose -5*n + 16 + w = 0. Suppose 4*o + n*o - 5229 = 0. Is o a prime number?
False
Suppose -3*q + 2 = -4, r = -2*q + 3550. Let s = -1768 + r. Suppose -7*y - s = -9*y. Is y a prime number?
False
Let x = 1767 + -227. Suppose 0 = 11*a - 7*a - x. Suppose -2*r + a = -949. Is r a composite number?
True
Let y(n) = n**3 + 16*n**2 - 56*n + 27. Let w be y(-19). Suppose 2236 = w*t - 412. Is t composite?
False
Suppose 6*m + 112 = -m. Let w = -26 - m. Let y(x) = -57*x - 32. Is y(w) a prime number?
False
Let d(v) = 6376*v**2 - 2*v - 5. Is d(3) composite?
False
Let a = 288896 - 196407. Is a composite?
False
Let s = -829971 - -1253618. Is s a composite number?
True
Let j(b) = 438*b - 87. Let n(a) = -6*a + 140. Let k be n(17). Is j(k) a composite number?
True
Let z(f) = -8*f**3 - 49*f**2 - 63*f + 743. Is z(-39) composite?
True
Suppose -o = 5*g - 24, 3*g + 18*o - 14*o - 28 = 0. Suppose -g*r - 28891 = -5*y, 3*y + 29*r - 26*r - 17340 = 0. Is y a prime number?
True
Is (35/14 + 1551/(-18))*-21 prime?
False
Let f = 17 - 17. Suppose -2*j + f*j = -5*k - 2003, -5*j = 3*k - 5054. Is j a composite number?
False
Suppose 0 = 4*v - 4, -4*v = -5*m - 0 + 16. Let h be (3 + m - 4)*199. Let b = h + 304. Is b a prime number?
False
Let o = 144486 - 91007. Is o a prime number?
True
Let r(p) = -10*p**3 - 8*p**2 - 10*p + 5. Let m be r(-7). Is -4 + 8/2 + m composite?
True
Let m(y) = 2*y**3 + 116*y**2 - 13*y - 113. Is m(-54) a composite number?
False
Suppose -3*o + 357065 = -4*b, 2*o = 7*o - b - 595131. Is o a prime number?
True
Is (75/85 + 18/153)*(2 + 1813475) composite?
False
Let y(d) = d**3 - 22*d**2 + 19*d + 44. Let c be y(21). Is c/(5*(-2 - (-71692)/35845)) a prime number?
False
Suppose 2 = 7*l - 5. Let t be 1626/l - (7 + (-25)/5). Suppose -7*j = -154 - t. Is j a prime number?
False
Suppose -430057 = -5*s + 2*k, 0 = -s - k + 38981 + 47029. Is s a prime number?
True
Suppose -j = -2*h - 40, -3*h + 108 = 4*j - 41. Let w = -13 + j. Suppose -v + 102 = -w. Is v composite?
False
Let f be -3 - ((-4)/5)/(2/5). Let x be f + -2 + -10 + 579. Suppose -145*w + 146*w - x = 0. Is w a prime number?
False
Is (-8101206)/(-63) - (438/(-42) + 10) a prime number?
Tru